1 + 5 + 63 + -73.
-4
What is the value of 3 + (0 + 12 - (14 - 6))?
7
(-1 - (3 - 4)) + 57 + -52
5
What is (-26 - -13) + 16 - -7?
10
What is 28 - 34 - (-2 + -17 + 5)?
8
Calculate 4 + -1 + 8 + 2 + -7.
6
Evaluate (2 - -2 - (5 + 4)) + 4.
-1
What is the value of (0 - -1 - 3) + -5 + 3?
-4
What is the value of -1 + (5 + -3 - 0 - 1)?
0
Calculate -8 - (-3 - -4) - -8 - 3.
-4
What is the value of 4 + (-4 - -2) + 0 + 2?
4
Calculate -22 - (-20 + 7) - -16.
7
What is the value of -3 - (-2 + 3 + -1 - 8)?
5
(-4 - -1) + 2 + 0 + 2
1
Evaluate 0 + -1 + 4 + -2.
1
Calculate 13 + 0 + -67 + 61.
7
Calculate ((7 - 4) + 2 - 1) + -12.
-8
-2 - (2 - (7 - 4) - -2)
-3
What is the value of -74 + 85 - (0 + 10)?
1
57 + -59 + 2 + 3 + -5
-2
Evaluate 4 - (6 + 4) - -6.
0
Evaluate -5 + -4 + 0 + 5 + 1.
-3
-5 - (11 + -7 - 3)
-6
Evaluate 1 - 1 - (0 + -5).
5
What is (5 - -3) + (5 - 8)?
5
What is the value of (-12 - -9) + 1 - -8?
6
What is -1 + (1 - -3) - (-1 + 2)?
2
1 + -4 + -3 + 12 + -3
3
Evaluate (-8 + -1 - -5) + 1.
-3
Evaluate 11 + -4 + 2 - (0 - -4).
5
What is 2 + (5 + -6 - (0 + 3))?
-2
What is the value of (3 - (2 + 2)) + 2 - 3?
-2
Evaluate -1 - ((-2 - 3) + 3).
1
What is the value of (-5 - (2 - 3)) + 1 + 10?
7
Calculate -3 + 8 + (12 - 10).
7
Evaluate -1 + (7 - (1 + 2 + -2)).
5
What is -3 + (3 - 1) - (-1 - 0)?
0
13 - (14 + (2 - 7))
4
Evaluate 4 - 7 - -13 - 7.
3
What is the value of (-2 - (-6 - -4)) + 2?
2
What is the value of (6 - (-5 + 2)) + 89 + -90?
8
Calculate -2 + 10 - (60 + -51).
-1
What is (3 - 6) + 7 + -3 + 5?
6
(1 + 0 - (1 - -1)) + -4
-5
What is -50 + 52 + (-10 - 0) - -2?
-6
-2 + (1 - 1 - 3)
-5
2 + (3 - 6) - -1
0
What is 0 + -4 + -2 + 15 + -4?
5
What is 1 - (9 + -5 + 0)?
-3
Evaluate 0 - (4 + (-5 - -2)).
-1
What is the value of -1 - (-1 - 4 - -7)?
-3
What is 0 - (-5 + 4 + 7) - -3?
-3
What is (-6 - -1) + 4 + 0?
-1
What is 3 + (-8 - -6) - 5?
-4
Evaluate -7 - (-5 + 16 + -24).
6
-2 + -4 - (-10 - -5 - -2)
-3
What is the value of 0 + -2 + -3 + 8?
3
Calculate 2 + (2 - (7 + -2) - 1).
-2
What is (-6 - -1 - -3) + 4?
2
What is -2 + (-3 - (1 + 0)) + 0?
-6
What is the value of 12 - 10 - (-2 + (-2 - -2))?
4
Evaluate -1 + 1 + (0 - -1).
1
What is (1 - -5) + 3 + -4?
5
-8 + -2 + 8 - -10
8
What is 16 - 7 - (1 + 9)?
-1
Calculate 0 - ((5 - 2) + -5 + 4).
-2
Calculate (0 - (2 - 0)) + 1 + 2.
1
Evaluate 4 + (-2 - 2) - 5.
-5
What is 7 + (0 - 1) + -50 + 38?
-6
Evaluate (5 - (6 - 3)) + -11 + 10.
1
What is -3 + -1 + -42 + 43?
-3
Calculate 3 + (1 - -3) - (-11 - -17).
1
Evaluate 1 + (1 - 7) + 3.
-2
What is (-2 - 2) + 5 - (2 + -2)?
1
What is the value of (-16 - -8) + 5 - -4?
1
What is the value of -5 + 3 + 4 + -6 + 4?
0
(-1 - 0) + (-1 + -5 - -7)
0
What is the value of (8 - 7) + 3 + -5?
-1
Calculate (-14 - -13) + (-1 - 1).
-3
What is the value of (-27 - -31) + -11 + 2 + -1?
-6
-3 - (9 + (15 - 27))
0
(18 - (2 - -12)) + (-2 - 1)
1
Calculate -11 - (7 + -12 + (0 - -1)).
-7
What is -10 + (4 - -3) - -11?
8
Evaluate (13 + -8 - (8 + 2)) + 5.
0
Evaluate 4 + 6 + (-2 - (6 + -3)).
5
Evaluate 3 - 2 - (1 + -4).
4
Evaluate -7 + (24 + -3 - 0 - 7).
7
Evaluate 3 + -6 - (2 + -8 + 0).
3
Evaluate -7 - (-12 + 6 - 0).
-1
Calculate (18 + -8 - 6) + -9.
-5
(-1 + -2 - -3) + 2
2
What is (2 - 1) + -1 + -1?
-1
What is the value of 5 - (-4 + 2 + 3 + 5)?
-1
What is 6 + -1 + 0 + -5 - -3?
3
What is the value of (2 - -2) + (-6 - 3)?
-5
Calculate (-4 - -1) + 1 + 3.
1
13 - (4 + 5) - 2
2
-5 - ((-14 - 5 - -3) + 6)
5
What is the value of -2 - -5 - (11 + -6)?
-2
Calculate (2 - 0 - (-10 + 4)) + -7.
1
(2 - 0) + 3 - (8 + -2)
-1
What is 0 - 1 - 1 - 2 - 0?
-4
Calculate (-293 - -282) + 8 + -1.
-4
Evaluate -10 + (-7 - -18) + -9.
-8
What is the value of (-30 - -48) + (1 - 12)?
7
Evaluate 1 + -4 + 10 + -5.
2
Calculate 0 - (10 - 7) - -7.
4
What is -42 - -38 - (-1 - 0 - 7)?
4
What is the value of 9 + -4 - (0 - -8)?
-3
Calculate -1 + (-10 - (-4 + 1)).
-8
Evaluate 8 - (5 + (3 - 3)).
3
Evaluate -5 - -3 - (2 + (1 - 3)).
-2
What is -44 - -47 - (0 + 0)?
3
What is 4 - (-1 - ((2 - 4) + -2))?
1
What is 2 - (-3 + 1) - -1?
5
What is the value of (14 + -8 - 6) + -6?
-6
Evaluate 4 + -5 + (-5 - -2 - -4).
0
-35 - -32 - (-1 - 7)
5
(-12 - -14) + (0 - -4)
6
What is the value of -2 + -10 + 3 - -16?
7
Evaluate 3 + -1 + (21 - (4 + 11)).
8
What is -6 - (-10 - (9 + -7))?
6
Evaluate 1 + (-5 + -2 - (14 + -17)).
-3
What is the value of (-1 - 4 - -10) + -5 - 0?
0
-8 - -6 - 1 - -9
6
(-5 + 5 - 0) + -2
-2
What is the value of 1 - 0 - (13 + (2 - 9))?
-5
9 + -1 - 9 - (2 + -1)
-2
Evaluate -3 + (-5 - (-2 + (-3 - 5))).
2
Calculate (150 - 145) + (1 - (10 + 0)).
-4
What is (-7 - -3 - -15 - 1) + -3?
7
1 + 1 + -6 + 3 + 5
4
Evaluate -2 + (1 - (3 + -2)) + 4.
2
Calculate (-1 - -1) + (17 - 22) - -10.
5
What is -9 - (-13 - -12 - (4 - 2))?
-6
Calculate 15 + -13 + 13 - 11.
4
12 - 12 - -5 - (1 - 1)
5
Evaluate 1 - (-4 + 1 - -9).
-5
Calculate (6 - (-1 - -8) - 2) + -3.
-6
What is the value of 18 - 24 - (-2 + -3)?
-1
Calculate (-3 - -10 - 7) + -5.
-5
-6 + 1 - -5 - -5
5
What is -14 + 5 - (6 - 10)?
-5
Calculate -36 + 23 + 6 + 0.
-7
Evaluate 10 - (13 + 2) - (-3 + -2).
0
(5 - 1 - -1) + -2
3
Evaluate (0 - -6) + (144 - 146).
4
Calculate -3 - (0 + -1 + -3).
1
What is -9 + -5 - -1 - -8?
-5
What is the value of 5 - ((0 - -2) + 2)?
1
Calculate 2 - 3 - 3 - -3 - 3.
-4
What is the value of (-3 - 0 - 1) + -1 + 4?
-1
-7 - (-12 + 7 + -8)
6
8 - (-7 + 16 + 6)
-7
(-7 - -4) + (-1 - (-2 + -1))
-1
What is the value of 18 - 13 - (0 - -8)?
-3
Evaluate -6 + (-7 + 1 - (-1 - 7)).
-4
Calculate 2 + (6 - 0 - (2 - 0)).
6
Evaluate -4 + 8 - (1 + 6 + -3).
0
1 + -6 + 6 + (5 - 1)
5
Evaluate -29 + 21 - (0 - 0 - 3).
-5
-3 - (4 + -3 - 9)
5
What is -1 - -1 - ((-6 - -10) + 1)?
-5
Calculate (-9 - (10 + -12)) + 14.
7
What is the value of 0 + 0 - (-10 - -5) - 8?
-3
What is the value of (8 - 0) + (3 - (12 - 5))?
4
Calculate 4 - (-3 + 7) - -4.
4
4 + -1 + (-7 - (-21 + 13))
4
Calculate 3 + 1 + -8 - 0.
-4
What is 4 + -8 - (5 + -5)?
-4
Calculate (0 - (-1 - -1)) + (5 - 5).
0
What is -5 + 3 + 1 + 0?
-1
What is the value of (170 - 167) + (-1 - 8)?
-6
9 - ((8 - 4) + -2)
7
What is (0 - -3) + (-31 - -31)?
3
What is -1 + (3 - 0) + 183 + -178?
7
What is -5 + -3 + -6 + 15?
1
Evaluate -1 + 4 + -8 + 4.
-1
Evaluate -10 - ((1 - -4) + -8 + -2).
-5
What is the value of (-3 - -1) + -3 + (7 - 3)?
-1
-1 + -5 - (-21 + 19)
-4
What is -2 + (2 - (-6 + 0)) - 4?
2
-5 - (-17 - (-6 + (6 - 9)))
3
What is -2 + 13 + -6 + -4?
1
Evaluate 1 - -3 - (-3 - (3 + -12)).
-2
What is the value of 1 + -3 + 3 + -2 + 1?
0
Calculate (-2 - -4 - -1) + 1.
4
Calculate -5 - ((-7 - 3) + 5 + 0).
0
What is -1 + 2 + -1 + 5?
5
Evaluate -3 - ((-15 + 8 - -10) + 0).
-6
Calculate 8 - 5 - -1 - 3.
1
Calculate (-5 - 9) + (4 - (-2 - 0)).
-8
Evaluate -3 + -1 + (-2 - -2 - -1).
-3
-1 - 0 - (27 - 27)
-1
2 + (-6 - 1 - -4)
-1
0 - -1 - -1 - (-4 - -1)
5
Calculate -13 + (20 - 5) + -10.
-8
Evaluate 3 - 14 - (9 - 19).
-1
Evaluate 9 + -19 - (-2 - (1 + -1)).
-8
Evaluate 29 - 32 - (1 - 0).
-4
-1 - -3 - (1 + -4 + 6)
-1
Calculate -1 + 5 + 1 + -7 + 4.
2
Calculate 4 + 0 + 0 - (2 - -5).
-3
What is (3 - 9) + (3 - 5) + 4?
-4
What is 1 - -4 - (-14 + (3 - -12))?
4
What is the value of -4 + 9 + -6 + 0?
-1
(0 - 1) + -20 + 20
-1
1 + (5 + 3 - 3 - 5)
1
What is 57 + -58 - (-2 - 0)?
1
(5 - (-5 + 10)) + 0 + -2
-2
What is (1 - (-2 - 2)) + -6 + 1?
0
Evaluate -2 + 0 + -6 - 2 - -9.
-1
Evaluate -1 - (2 - (-3 + 1)).
-5
Calculate (6 + -4 - 1 - -1) + 3.
5
What is -3 - -5 - (8 - 12)?
6
Calculate 1 - 8 - (-10 - (2 + -7)).
-2
What is the value of (-6 + 7 - 7) + 0?
-6
Evaluate -6 + (9 - 5) + 0.
-2
Calculate -4 - (-2 + -3 - -3).
-2
3 + -2 + (-4 - -2) + 5
4
What is (7 + -7 - -5) + -9?
-4
What is the value of (3 - 8) + 5 - -2?
2
What is -1 + 0 - (4 - 2)?
-3
What is 0 + (1 - (-7 - -5))?
3
Evaluate (4 - 1) + (-4 - -2).
1
Calculate (-5 + 3 - -6) + (15 - 14).
5
Calculate 9 + (-3 - 5) - 3.
-2
Evaluate -1 + 5 + (6 - (6 - -6)).
-2
Evaluate -2 - 5 - (-23 + 22).
-6
Evaluate 8 - (1 - (-8 - -5)).
4
Evaluate -7 + (5 - (4 - 3)).
-3
What is 2 + (0 + -5 - (4 - 7))?
0
What is the value of -1 - (-1 + -1 + -2 + -1)?
4
Calculate -1 + (0 - (-6 - (-4 + 4))).
5
5 + (-13 - 3) + 10
-1
Evaluate -2 - ((1 - 5) + 2) - 1.
-1
Calculate (-25 - -1 - -26) + 3 + -1.
4
What is (-1 - (0 - -2)) + 8?
5
What is the value of -2 + 1 - (-3 - -3) - 1?
-2
Evaluate -8 + 16 + (9 - 9).
8
Evaluate -3 + 4 + 1